
What is the hundreds digit of 118901?
9
What is the units digit of 890?
0
What is the hundreds digit of 63360?
3
What is the tens digit of 1520?
2
What is the thousands digit of 11279?
1
What is the units digit of 142709?
9
What is the tens digit of 617?
1
What is the hundreds digit of 15915?
9
What is the units digit of 22779?
9
What is the units digit of 4859?
9
What is the thousands digit of 51101?
1
What is the tens digit of 186?
8
What is the thousands digit of 16165?
6
What is the hundreds digit of 3607?
6
What is the tens digit of 740?
4
What is the units digit of 78198?
8
What is the hundreds digit of 13272?
2
What is the tens digit of 517?
1
What is the tens digit of 67121?
2
What is the units digit of 3085?
5
What is the hundreds digit of 15484?
4
What is the thousands digit of 28264?
8
What is the tens digit of 73?
7
What is the thousands digit of 109160?
9
What is the hundreds digit of 932?
9
What is the hundreds digit of 15232?
2
What is the thousands digit of 19419?
9
What is the tens digit of 8142?
4
What is the tens digit of 63?
6
What is the hundreds digit of 38273?
2
What is the thousands digit of 112142?
2
What is the thousands digit of 23811?
3
What is the thousands digit of 109543?
9
What is the tens digit of 2602?
0
What is the thousands digit of 10984?
0
What is the thousands digit of 23769?
3
What is the units digit of 3131?
1
What is the units digit of 78828?
8
What is the hundreds digit of 502?
5
What is the tens digit of 1781?
8
What is the thousands digit of 4103?
4
What is the tens digit of 98122?
2
What is the tens digit of 7578?
7
What is the thousands digit of 1112?
1
What is the tens digit of 1077?
7
What is the hundreds digit of 374?
3
What is the hundreds digit of 6983?
9
What is the hundreds digit of 1099?
0
What is the tens digit of 165?
6
What is the ten thousands digit of 22691?
2
What is the tens digit of 2331?
3
What is the ten thousands digit of 53718?
5
What is the thousands digit of 1947?
1
What is the thousands digit of 26724?
6
What is the tens digit of 6414?
1
What is the hundreds digit of 69550?
5
What is the thousands digit of 82732?
2
What is the units digit of 817?
7
What is the hundreds digit of 1904?
9
What is the units digit of 695?
5
What is the hundreds digit of 3969?
9
What is the units digit of 11885?
5
What is the units digit of 701?
1
What is the tens digit of 7872?
7
What is the thousands digit of 2839?
2
What is the hundreds digit of 3513?
5
What is the hundreds digit of 5482?
4
What is the tens digit of 14219?
1
What is the hundreds digit of 320?
3
What is the units digit of 35733?
3
What is the ten thousands digit of 15659?
1
What is the hundreds digit of 1266?
2
What is the thousands digit of 3863?
3
What is the units digit of 2919?
9
What is the ten thousands digit of 26631?
2
What is the hundreds digit of 4845?
8
What is the thousands digit of 2140?
2
What is the hundreds digit of 3682?
6
What is the units digit of 8552?
2
What is the thousands digit of 34105?
4
What is the thousands digit of 18917?
8
What is the tens digit of 2554?
5
What is the hundreds digit of 1269?
2
What is the units digit of 487?
7
What is the tens digit of 2345?
4
What is the units digit of 14464?
4
What is the hundreds digit of 7543?
5
What is the tens digit of 1577?
7
What is the units digit of 907?
7
What is the ten thousands digit of 39747?
3
What is the tens digit of 5437?
3
What is the thousands digit of 3161?
3
What is the thousands digit of 33282?
3
What is the hundreds digit of 3255?
2
What is the ten thousands digit of 122254?
2
What is the units digit of 3589?
9
What is the tens digit of 9018?
1
What is the hundreds digit of 1480?
4
What is the units digit of 691?
1
What is the units digit of 34847?
7
What is the hundreds digit of 55348?
3
What is the ten thousands digit of 58946?
5
What is the tens digit of 6745?
4
What is the thousands digit of 3155?
3
What is the units digit of 1661?
1
What is the ten thousands digit of 12748?
1
What is the hundreds digit of 35021?
0
What is the units digit of 132109?
9
What is the hundreds digit of 15220?
2
What is the tens digit of 6255?
5
What is the thousands digit of 30257?
0
What is the units digit of 190?
0
What is the thousands digit of 5446?
5
What is the hundreds digit of 8502?
5
What is the hundreds digit of 59701?
7
What is the units digit of 40236?
6
What is the tens digit of 34987?
8
What is the units digit of 578?
8
What is the ten thousands digit of 16482?
1
What is the tens digit of 304?
0
What is the hundreds digit of 1607?
6
What is the ten thousands digit of 10243?
1
What is the hundreds digit of 10311?
3
What is the ten thousands digit of 39054?
3
What is the hundreds digit of 1342?
3
What is the units digit of 73248?
8
What is the hundreds digit of 172?
1
What is the ten thousands digit of 20077?
2
What is the units digit of 958?
8
What is the tens digit of 3865?
6
What is the units digit of 2320?
0
What is the units digit of 76023?
3
What is the tens digit of 889?
8
What is the ten thousands digit of 62974?
6
What is the hundreds digit of 8845?
8
What is the tens digit of 2705?
0
What is the units digit of 4913?
3
What is the hundreds digit of 1054?
0
What is the units digit of 1026?
6
What is the hundreds digit of 10312?
3
What is the units digit of 1665?
5
What is the units digit of 912?
2
What is the tens digit of 1315?
1
What is the units digit of 910?
0
What is the hundreds digit of 1215?
2
What is the ten thousands digit of 66751?
6
What is the hundreds digit of 1978?
9
What is the hundreds digit of 10529?
5
What is the tens digit of 10004?
0
What is the units digit of 5919?
9
What is the units digit of 2356?
6
What is the tens digit of 890?
9
What is the units digit of 39313?
3
What is the tens digit of 34662?
6
What is the tens digit of 1413?
1
What is the hundreds digit of 700?
7
What is the tens digit of 6038?
3
What is the tens digit of 3762?
6
What is the tens digit of 2488?
8
What is the tens digit of 2237?
3
What is the tens digit of 81799?
9
What is the hundreds digit of 47702?
7
What is the tens digit of 481?
8
What is the hundreds digit of 10036?
0
What is the units digit of 569?
9
What is the units digit of 5996?
6
What is the units digit of 30196?
6
What is the tens digit of 1960?
6
What is the units digit of 3944?
4
What is the tens digit of 1801?
0
What is the units digit of 1086?
6
What is the ten thousands digit of 56394?
5
What is the units digit of 47195?
5
What is the units digit of 1437?
7
What is the tens digit of 6260?
6
What is the tens digit of 895?
9
What is the units digit of 75?
5
What is the units digit of 3130?
0
What is the hundreds digit of 460?
4
What is the tens digit of 514?
1
What is the thousands digit of 27121?
7
What is the units digit of 868?
8
What is the units digit of 35329?
9
What is the tens digit of 12021?
2
What is the units digit of 5445?
5
What is the ten thousands digit of 39867?
3
What is the thousands digit of 21020?
1
What is the thousands digit of 1187?
1
What is the thousands digit of 4215?
4
What is the hundreds digit of 357?
3
What is the thousands digit of 5406?
5
What is the hundreds digit of 9132?
1
What is the thousands digit of 66274?
6
What is the units digit of 165575?
5
What is the units digit of 18557?
7
What is the hundreds digit of 15862?
8
What is the thousands digit of 36625?
6
What is the units digit of 6732?
2
What is the thousands digit of 83010?
3
What is the units digit of 2895?
5
What is the thousands digit of 1565?
1
What is the hundreds digit of 459?
4
What is the units digit of 555?
5
What is the ten thousands digit of 16095?
1
What is the tens digit of 67102?
0
What is the tens digit of 9153?
5
What is the hundreds digit of 3685?
6
What is the thousands digit of 1814?
1
What is the thousands digit of 1137?
1
What is the tens digit of 295?
9
What is the thousands digit of 16777?
6
What is the units digit of 840?
0
What is the units digit of 18650?
0
What is the tens digit of 5775?
7
What is the thousands digit of 1341?
1
What is the tens digit of 867?
6
What is the tens digit of 7942?
4
What is the units digit of 25200?
0
What is the thousands digit of 60357?
0
What is the units digit of 1456?
6
What is the tens digit of 22?
2
What is the hundr